1
Let h(y) = 80*y - 70. Let i(b) = b - 1. Let f(d) = 2*h(d) - 140*i(d). Suppose -p = -t + 4*p - 19, 5*t - 4*p + 11 = 0. What is the tens digit of f(t)?
2
Let s = -26 + 38. Let q(p) = 20*p + 1. Let j be q(4). What is the tens digit of (s/9)/(3/j)?
3
Let c(t) = 27*t + 3. Let v be c(2). Let m = -14 + v. What is the tens digit of m?
4
Let t be 4/(-2) - -2 - 10. Let w(p) = p**2 + 5*p - 11. Let m be w(t). Suppose -m = 2*b - 5*b. What is the units digit of b?
3
Let k be (-10)/(-85) + (-155)/17. Let g = -8 - k. What is the tens digit of (-102)/(-2) + 4 - g?
5
Suppose 5*j - 5 = 0, -35 = 3*l - 4*j - 1. Let x be -2 + (-3)/(6/l). Suppose -2*n + h = 4*h - 124, -x*h - 289 = -5*n. What is the units digit of n?
9
Suppose -2*o + 0 = -6, -19 = -5*g - 3*o. Suppose 3*y + 183 = 2*h, -3*y + 5 = -g*y. What is the units digit of h?
9
Let m = -18 + 19. Let q be -1 + (2 - (-2)/m). Suppose -6 = -2*u - g + 35, q*u - 60 = -g. What is the tens digit of u?
1
Suppose -13426 = -8*t + 12078. What is the hundreds digit of t?
1
Suppose -30 = -6*s - 0*s. Suppose -s*b = -11*b + 144. What is the tens digit of b?
2
Let f = 31 - -442. What is the units digit of f?
3
Suppose 2*h - 5*v - 8 = 23, 7 = -h - 5*v. Let d(n) = n**2 - 7*n - 5. Let m be d(h). What is the tens digit of ((-44)/m)/(4/(-6))?
2
Let p = -8 + -22. What is the tens digit of p/(-2 - -1)*(-210)/(-25)?
5
Suppose -4*c + 4464 = 4*m, c + 266 = m - 854. What is the tens digit of m?
1
Suppose 7*n + 2 = 8*n. Suppose j = -2*v + 5*j - 8, n*j + 2 = 0. What is the tens digit of (-1240)/(-25) - v/(-10)?
4
Let w(k) be the first derivative of 7*k**3/3 + k**2 - 24*k - 33. What is the tens digit of w(-6)?
1
Suppose 0 = -7*m + 2*m + 15. Suppose 5*k + m*o = 271, -4*o = -4*k + 72 + 132. What is the tens digit of k?
5
Let t = -1943 + 3477. What is the units digit of t?
4
Let h = 225 + -130. Suppose -h - 377 = -4*g. What is the tens digit of g?
1
What is the tens digit of (-124257)/(-244) + (-5)/4?
0
Let x = 21 - 19. Let q = x - -3. What is the units digit of q?
5
Let t(c) = 2*c**3 + 2*c**2 + 5*c + 3. Let o be t(-3). Let n = o + 60. What is the tens digit of n?
1
Let x(q) = -21*q + 7. Let c be x(-16). Suppose 3*y - c = o, -170 - 270 = -4*y - 3*o. What is the tens digit of y?
1
What is the units digit of 24/14 - 2 - (-1535)/7?
9
Suppose -z + 740 = y, -y + 20*z - 16*z = -765. What is the tens digit of y?
4
Let z(o) = -11*o**2 - 2*o - 1. Let w be z(-1). Let s(i) = 5*i - 4. Let u(r) = 5*r - 4. Let c(a) = 6*s(a) - 7*u(a). What is the units digit of c(w)?
4
Suppose 0 = -4*l + 3*l. Let h be (4/6 - l)*123. Let a = h + -26. What is the units digit of a?
6
Let k = 11 - 8. Suppose 3*q - 37 = 173. Suppose 2*o = -2*m + q, 15 = k*m - o - 90. What is the units digit of m?
5
Suppose -117*k + 574417 = -72125. What is the hundreds digit of k?
5
Suppose -4*t = 5*p - 739, 5*p + 0 = -3*t + 738. Suppose -2*y + 445 = g + 2*g, y = -g + p. What is the units digit of g?
1
What is the tens digit of (1884/15)/((-7)/(-35))?
2
Suppose -3*l = 2*l + 55. Let z = -16 - l. Let k(o) = -o**3 - 5*o**2 - 3*o. What is the units digit of k(z)?
5
Suppose 310 + 169 = y. What is the hundreds digit of y?
4
Let l(a) be the second derivative of a**2/2 + a. Let q(x) = 14*x - 5. Let v(n) = 3*l(n) + q(n). What is the tens digit of v(3)?
4
Suppose 9 = a - 1. Let z be (2 + -1)*0/(-1). Suppose -j + a + 16 = z. What is the units digit of j?
6
Suppose -178 = 2*q + 3*k - 24, -3*k - 12 = 0. Let j = q - -177. What is the units digit of j?
6
Let h(f) = 5*f - 1. Let s(z) = 6*z - 1. Let y(l) = -7*h(l) + 6*s(l). Let w(j) = -18*j**2 + 2. Let k(i) = -w(i) + y(i). What is the units digit of k(-2)?
9
Let r be (-10)/(-35) + 2/(-7). Suppose -12*l + 10*l = r. Let x(a) = -a**3 - a + 41. What is the tens digit of x(l)?
4
Let r = 11 + 2482. What is the hundreds digit of r?
4
Suppose 4*j - 5*j = -332. Suppose -19 - j = -3*h. What is the units digit of h?
7
Suppose -34 = -5*w + 36. Let o = 58 - w. What is the units digit of o?
4
Let h(f) = -17*f - 15. Let d(a) = 8*a + 8. Let r(l) = 13*d(l) + 6*h(l). What is the tens digit of r(0)?
1
Suppose -94*c + 91*c - 84 = 0. What is the units digit of (-1 + c/8)*38/(-3)?
7
Suppose 33 = -l + 91. Suppose -13*v + 15*v - l = 0. What is the tens digit of v?
2
Let u be ((-2)/(-6))/(4/60). Suppose s = u*s - 40. Suppose -8*a - 2 = -s*a. What is the units digit of a?
1
What is the hundreds digit of (-15828)/(-90) - (-12)/90?
1
Let k(c) = 15*c**2 + 17*c + 56. What is the units digit of k(-4)?
8
Let d(c) = -6*c + 8. Let n be 3/2*(-32)/(-12). Suppose -n*m = -4*f + 32, 20 = -3*m - 3*f + 8*f. What is the units digit of d(m)?
8
Let x = -763 + 798. What is the units digit of x?
5
Let z = 13 + -9. Let b be z/26 + (-984)/(-26). Let n = b + -10. What is the tens digit of n?
2
Let r be -56 + -7 + (1 - -3). Let a = r + 239. What is the tens digit of a?
8
Let n be 860/6 - 13/39. Suppose 4*r = -c + n, -r + 2*c = r - 64. What is the units digit of r?
5
Suppose z - 1357 = -3*i, 9*i = -3*z + 12*i + 4083. What is the tens digit of z?
6
Let u = 12 + -10. Suppose 0 = 3*h - f - 9, 5*f - 7 = u*h - 0*f. Suppose -4*a + 90 = a - 5*o, -43 = -a - h*o. What is the units digit of a?
3
Suppose 3*a = 4*a. Suppose 2 = m + 4*j - 14, a = 5*m + 3*j - 29. Suppose 3*x - 104 = m*o, -4*x - x + o = -196. What is the tens digit of x?
4
Let j = 18 - 14. Let x be j - (-1 + 0)*1. Suppose -2*t + 49 = -x*c, c - 3*c + 42 = 2*t. What is the tens digit of t?
2
Let i(p) = p**2 - 5*p - 7. Let o be i(7). Let s(d) = -d**3 + 9*d**2 - 6*d - 14. What is the units digit of s(o)?
2
Let w be 55/(-20) + 2/(-8). What is the units digit of (-4)/(-12)*w - -50?
9
Suppose -5*r - 211 - 263 = 3*y, 0 = -4*r + 4*y - 392. What is the units digit of (r/(-20))/((-9)/(-300))?
0
Let i = 147 - 108. Suppose -i*r = -31*r - 1744. What is the hundreds digit of r?
2
What is the hundreds digit of (-6 - 96/(-15))/(1/1455)?
5
Suppose -12*p = -8*p - 16. Suppose n - p*n + 15 = 0. Suppose -196 = -2*h - q - 59, 3*h = -n*q + 223. What is the units digit of h?
6
Let v(f) = -f**3 + 2*f**2 - 3*f + 545. What is the hundreds digit of v(0)?
5
Let a = 216 - 370. Let v = 221 + a. What is the units digit of v?
7
Let a = -18 + 30. Suppose -7*w = -9*w + a. What is the units digit of 1274/21 + 8/w?
2
Suppose 2*r - 6 = 4. Suppose 2*o + 0*o + u - 9 = 0, -5*u = -r*o + 15. Suppose -2*f + 7*f + 125 = o*x, -x = -4*f - 23. What is the tens digit of x?
3
Let u be (-478)/(-12) + (-1)/(-6). Let d be 2/3*18/4. What is the units digit of 1/(u/(-14) + d)?
7
Suppose 2*k - 19 + 1 = -2*r, -k + 4 = 0. Suppose n - r*m - 136 = -31, 5*m = 2*n - 205. What is the tens digit of n?
0
Let c(w) = w**2 - w + 2. Let i be c(0). Let j be (12 - 13)/(i/102). Let s = -20 - j. What is the tens digit of s?
3
Suppose -25 = 5*a, 10*j - 1015 = 5*j - 5*a. What is the units digit of (j/(-10) + -2)*55/(-22)?
7
Let b = 408 + 561. What is the units digit of b?
9
Let m(i) = -i**2 + 2. Let p be m(-3). What is the units digit of p/56 + (-706)/(-16)?
4
Suppose -5*h - 5 = 5*k - k, h - 20 = -5*k. Suppose k*t - 11 = 4. What is the units digit of (1/2)/(t/24)?
4
Let r = -2742 + 3643. What is the units digit of r?
1
Let g = 7 - -25. Let s = 62 - g. Suppose -s = -7*l + l. What is the units digit of l?
5
What is the units digit of 3071 + (1/(-5) - 66/(-30))?
3
Let q be (86/(-3))/(7/21). Let y = q - -164. What is the tens digit of y?
7
Let m(q) = 7*q**2 + 2*q + 1. Let w be 70/8 + (-6)/8. Let y(s) = -2*s + 13. Let z be y(w). What is the tens digit of m(z)?
5
Let a(u) = 98*u**2 + 3*u - 2. Suppose -5*b + 17 = -3*s, -2*b = 3*s - 2*s - 9. What is the tens digit of a(s)?
9
Suppose 3*f + 120 = -5*f. Let v(u) = -u**3 - 15*u**2 - 5*u - 5. What is the units digit of v(f)?
0
Let p(w) = w**3 + 2*w + 60. Let b be p(0). Let z be (-2)/(-12) - 2/12. Suppose z*h + b = 5*h. What is the tens digit of h?
1
Suppose 4*d = -d - k + 17, k + 7 = 3*d. Let j = -2 + d. What is the units digit of (-9)/(j/(2 - 3))?
9
Let j(i) = 16*i**3 - 2*i**2 - 36*i - 10. What is the hundreds digit of j(7)?
1
Let y(u) = u**3 + 3*u**2 + 5. Let z be y(-4). What is the tens digit of z/(-1) + 10/(-10)?
1
Let o(q) = 4*q - 15. Let f(m) = -m**3 - 10*m**2 - 19*m - 8. Let c be f(-8). What is the units digit of o(c)?
9
Let a = 726 + -690. What is the tens digit of a?
3
Let a = -134 - -